t is the remainder when 10535896 is divided by 102290?
26
What is the remainder when 4283636 is divided by 1427440?
1316
Calculate the remainder when 43890255 is divided by 21945126.
3
What is the remainder when 500202 is divided by 1158?
1104
Calculate the remainder when 2067638 is divided by 1033624.
390
Calculate the remainder when 22181379 is divided by 58.
33
Calculate the remainder when 12905682 is divided by 22923.
33
Calculate the remainder when 3517315 is divided by 475.
415
Calculate the remainder when 45331317 is divided by 9274.
5
What is the remainder when 511124 is divided by 201?
182
What is the remainder when 766189 is divided by 766188?
1
What is the remainder when 38647803 is divided by 68?
3
Calculate the remainder when 760270 is divided by 1724.
1710
Calculate the remainder when 369219 is divided by 1077.
885
Calculate the remainder when 31561 is divided by 29369.
2192
Calculate the remainder when 521319 is divided by 30663.
48
What is the remainder when 357764 is divided by 17351?
10744
Calculate the remainder when 1459624 is divided by 765.
4
What is the remainder when 23294 is divided by 2575?
119
What is the remainder when 1504243 is divided by 188026?
35
What is the remainder when 66900189 is divided by 3883?
3865
What is the remainder when 19355 is divided by 149?
134
What is the remainder when 2084167 is divided by 1042082?
3
What is the remainder when 265908 is divided by 99?
93
What is the remainder when 903361 is divided by 7?
4
What is the remainder when 4889965 is divided by 5093?
685
What is the remainder when 3387289 is divided by 650?
139
What is the remainder when 325056 is divided by 532?
4
What is the remainder when 692387 is divided by 5489?
773
What is the remainder when 9095908 is divided by 131823?
121
What is the remainder when 29280789 is divided by 9760258?
15
What is the remainder when 5801713 is divided by 3472?
1
What is the remainder when 372152 is divided by 124031?
59
What is the remainder when 1731058 is divided by 7767?
6784
What is the remainder when 200749032 is divided by 240418?
2
Calculate the remainder when 8433494 is divided by 81878.
60
What is the remainder when 43288 is divided by 74?
72
Calculate the remainder when 1091146 is divided by 121234.
40
Calculate the remainder when 428496 is divided by 744.
696
What is the remainder when 1557407 is divided by 63?
47
What is the remainder when 2140846 is divided by 7729?
7642
What is the remainder when 177155 is divided by 16105?
0
Calculate the remainder when 15869731 is divided by 120225.
31
What is the remainder when 41222 is divided by 41115?
107
Calculate the remainder when 30539286 is divided by 3053928.
6
Calculate the remainder when 468045 is divided by 379.
359
What is the remainder when 207459282 is divided by 165?
162
Calculate the remainder when 42229 is divided by 2780.
529
Calculate the remainder when 304727 is divided by 1513.
614
What is the remainder when 17752495 is divided by 5917497?
4
Calculate the remainder when 759224 is divided by 2030.
4
Calculate the remainder when 1154499 is divided by 904.
91
What is the remainder when 173497 is divided by 3473?
3320
Calculate the remainder when 4879541 is divided by 1568.
1493
What is the remainder when 62937 is divided by 12504?
417
Calculate the remainder when 10318 is divided by 2338.
966
Calculate the remainder when 714385 is divided by 198.
1
Calculate the remainder when 42891 is divided by 8565.
66
Calculate the remainder when 2488368 is divided by 88.
80
What is the remainder when 118366 is divided by 23672?
6
What is the remainder when 2823005 is divided by 564599?
10
Calculate the remainder when 423975044 is divided by 157.
155
Calculate the remainder when 695069 is divided by 1947.
1937
Calculate the remainder when 746885 is divided by 233.
120
What is the remainder when 168631 is divided by 445?
421
What is the remainder when 14872457 is divided by 34994?
7
What is the remainder when 22708221 is divided by 2270817?
51
What is the remainder when 7370194 is divided by 42?
34
Calculate the remainder when 148228 is divided by 2181.
2101
Calculate the remainder when 103828829 is divided by 688.
685
Calculate the remainder when 536433 is divided by 267771.
891
What is the remainder when 1231128 is divided by 365?
348
Calculate the remainder when 219739 is divided by 763.
758
Calculate the remainder when 15006 is divided by 837.
777
Calculate the remainder when 317161 is divided by 48.
25
What is the remainder when 126324 is divided by 613?
46
Calculate the remainder when 3818104 is divided by 4737.
82
What is the remainder when 58948423 is divided by 3409?
3404
What is the remainder when 9916611 is divided by 180302?
1
What is the remainder when 10596445 is divided by 2649089?
89
What is the remainder when 14208894 is divided by 69?
0
Calculate the remainder when 1856721 is divided by 14.
13
What is the remainder when 955270 is divided by 15406?
98
What is the remainder when 11145166 is divided by 90?
16
Calculate the remainder when 68787 is divided by 169.
4
Calculate the remainder when 6153811 is divided by 116.
11
Calculate the remainder when 1267070669 is divided by 9946.
9945
Calculate the remainder when 487471 is divided by 487458.
13
What is the remainder when 3707580 is divided by 41?
32
What is the remainder when 109468044 is divided by 28?
0
What is the remainder when 3120123 is divided by 3120088?
35
What is the remainder when 674804 is divided by 1252?
1228
Calculate the remainder when 32574 is divided by 35.
24
What is the remainder when 13244 is divided by 13066?
178
Calculate the remainder when 68028 is divided by 353.
252
Calculate the remainder when 161135427 is divided by 34.
9
Calculate the remainder when 390150 is divided by 8668.
90
What is the remainder when 1067996 is divided by 26597?
4116
What is the remainder when 3105103 is divided by 258757?
19
Calculate the remainder when 714964 is divided by 178726.
60
Calculate the remainder when 396798833 is divided by 8378.
8375
What is the remainder when 271106 is divided by 295?
1
Calculate the remainder when 385679 is divided by 12843.
389
Calculate the remainder when 11290415 is divided by 163629.
14
What is the remainder when 10538 is divided by 8131?
2407
Calculate the remainder when 4256801 is divided by 11443.
5
What is the remainder when 34518524 is divided by 85?
24
Calculate the remainder when 526574 is divided by 734.
296
Calculate the remainder when 18261475 is divided by 415033.
23
Calculate the remainder when 5791674 is divided by 1787.
7
Calculate the remainder when 99930 is divided by 1668.
1518
Calculate the remainder when 274501 is divided by 24877.
854
What is the remainder when 16003 is divided by 7854?
295
What is the remainder when 38896 is divided by 7744?
176
Calculate the remainder when 1139093 is divided by 6988.
49
Calculate the remainder when 1894353 is divided by 112.
97
Calculate the remainder when 52981596 is divided by 3898.
3878
Calculate the remainder when 2975298 is divided by 105.
18
Calculate the remainder when 557287 is divided by 1527.
1459
What is the remainder when 120801535 is divided by 95?
10
What is the remainder when 37784 is divided by 2119?
1761
What is the remainder when 2854223 is divided by 1547?
8
Calculate the remainder when 197931 is divided by 832.
747
What is the remainder when 1013477 is divided by 631?
91
Calculate the remainder when 30118598 is divided by 48.
38
Calculate the remainder when 817208 is divided by 135942.
1556
Calculate the remainder when 83993 is divided by 13987.
71
Calculate the remainder when 25028289 is divided by 2141.
2140
Calculate the remainder when 847266 is divided by 2290.
2256
What is the remainder when 75125 is divided by 18781?
1
Calculate the remainder when 26545 is divided by 484.
409
What is the remainder when 43558878 is divided by 6291?
6285
Calculate the remainder when 10533132 is divided by 40826.
24
Calculate the remainder when 2168263 is divided by 722491.
790
What is the remainder when 5019829 is divided by 2509902?
25
What is the remainder when 1463781 is divided by 16652?
15057
What is the remainder when 602436608 is divided by 11210?
11208
Calculate the remainder when 43105541 is divided by 21.
17
Ca